{"version":"1.0","provider_name":"W\u0142\u00f3cz\u0119ga Blog","provider_url":"https:\/\/wloczega.pl\/blog","author_name":"admin","author_url":"https:\/\/wloczega.pl\/blog\/author\/admin\/","title":"Wakacje w Bieszczadach - dzika przyroda, cisza i spok\u00f3j - W\u0142\u00f3cz\u0119ga Blog","type":"rich","width":600,"height":338,"html":"<blockquote class=\"wp-embedded-content\" data-secret=\"trhLMszvND\"><a href=\"https:\/\/wloczega.pl\/blog\/wakacje-w-bieszczadach-dzika-przyroda-cisza-i-spokoj\/\">Wakacje w Bieszczadach &#8211; dzika przyroda, cisza i spok\u00f3j<\/a><\/blockquote><iframe sandbox=\"allow-scripts\" security=\"restricted\" src=\"https:\/\/wloczega.pl\/blog\/wakacje-w-bieszczadach-dzika-przyroda-cisza-i-spokoj\/embed\/#?secret=trhLMszvND\" width=\"600\" height=\"338\" title=\"&#8222;Wakacje w Bieszczadach &#8211; dzika przyroda, cisza i spok\u00f3j&#8221; &#8212; W\u0142\u00f3cz\u0119ga Blog\" data-secret=\"trhLMszvND\" frameborder=\"0\" marginwidth=\"0\" marginheight=\"0\" scrolling=\"no\" class=\"wp-embedded-content\"><\/iframe><script>\n\/*! This file is auto-generated *\/\n!function(d,l){\"use strict\";l.querySelector&&d.addEventListener&&\"undefined\"!=typeof URL&&(d.wp=d.wp||{},d.wp.receiveEmbedMessage||(d.wp.receiveEmbedMessage=function(e){var t=e.data;if((t||t.secret||t.message||t.value)&&!\/[^a-zA-Z0-9]\/.test(t.secret)){for(var s,r,n,a=l.querySelectorAll('iframe[data-secret=\"'+t.secret+'\"]'),o=l.querySelectorAll('blockquote[data-secret=\"'+t.secret+'\"]'),c=new RegExp(\"^https?:$\",\"i\"),i=0;i<o.length;i++)o[i].style.display=\"none\";for(i=0;i<a.length;i++)s=a[i],e.source===s.contentWindow&&(s.removeAttribute(\"style\"),\"height\"===t.message?(1e3<(r=parseInt(t.value,10))?r=1e3:~~r<200&&(r=200),s.height=r):\"link\"===t.message&&(r=new URL(s.getAttribute(\"src\")),n=new URL(t.value),c.test(n.protocol))&&n.host===r.host&&l.activeElement===s&&(d.top.location.href=t.value))}},d.addEventListener(\"message\",d.wp.receiveEmbedMessage,!1),l.addEventListener(\"DOMContentLoaded\",function(){for(var e,t,s=l.querySelectorAll(\"iframe.wp-embedded-content\"),r=0;r<s.length;r++)(t=(e=s[r]).getAttribute(\"data-secret\"))||(t=Math.random().toString(36).substring(2,12),e.src+=\"#?secret=\"+t,e.setAttribute(\"data-secret\",t)),e.contentWindow.postMessage({message:\"ready\",secret:t},\"*\")},!1)))}(window,document);\n<\/script>\n","thumbnail_url":"https:\/\/wloczega.pl\/blog\/wp-content\/uploads\/2026\/04\/szlak-na-tarnice-wojciech-celinski.jpg","thumbnail_width":1920,"thumbnail_height":1280,"description":"Bieszczady od lat przyci\u0105gaj\u0105 tych, kt\u00f3rzy szukaj\u0105 ucieczki od miejskiego zgie\u0142ku. To jeden z najdzikszych i najmniej zurbanizowanych zak\u0105tk\u00f3w Polski &#8211; miejsce, gdzie po\u0142oniny ton\u0105 we mgle, wilki przemierzaj\u0105 lasy, a czas p\u0142ynie wyra\u017anie wolniej. Je\u015bli marzysz o wakacjach z dala od t\u0142um\u00f3w, z widokiem na bezkresne wzg\u00f3rza i \u015bwie\u017cym powietrzem w p\u0142ucach, wakacje w [&hellip;]"}

Włóczęga Blog

Wakacje w Bieszczadach - dzika przyroda, cisza i spokój - Włóczęga Blog

<blockquote class="wp-embedded-content" data-secret="trhLMszvND"><a href="https://wloczega.pl/blog/wakacje-w-bieszczadach-dzika-przyroda-cisza-i-spokoj/">Wakacje w Bieszczadach &#8211; dzika przyroda, cisza i spokój</a></blockquote><iframe sandbox="allow-scripts" security="restricted" src="https://wloczega.pl/blog/wakacje-w-bieszczadach-dzika-przyroda-cisza-i-spokoj/embed/#?secret=trhLMszvND" width="600" height="338" title="&#8222;Wakacje w Bieszczadach &#8211; dzika przyroda, cisza i spokój&#8221; &#8212; Włóczęga Blog" data-secret="trhLMszvND" frameborder="0" marginwidth="0" marginheight="0" scrolling="no" class="wp-embedded-content"></iframe><script>
/*! This file is auto-generated */
!function(d,l){"use strict";l.querySelector&&d.addEventListener&&"undefined"!=typeof URL&&(d.wp=d.wp||{},d.wp.receiveEmbedMessage||(d.wp.receiveEmbedMessage=function(e){var t=e.data;if((t||t.secret||t.message||t.value)&&!/[^a-zA-Z0-9]/.test(t.secret)){for(var s,r,n,a=l.querySelectorAll('iframe[data-secret="'+t.secret+'"]'),o=l.querySelectorAll('blockquote[data-secret="'+t.secret+'"]'),c=new RegExp("^https?:$","i"),i=0;i<o.length;i++)o[i].style.display="none";for(i=0;i<a.length;i++)s=a[i],e.source===s.contentWindow&&(s.removeAttribute("style"),"height"===t.message?(1e3<(r=parseInt(t.value,10))?r=1e3:~~r<200&&(r=200),s.height=r):"link"===t.message&&(r=new URL(s.getAttribute("src")),n=new URL(t.value),c.test(n.protocol))&&n.host===r.host&&l.activeElement===s&&(d.top.location.href=t.value))}},d.addEventListener("message",d.wp.receiveEmbedMessage,!1),l.addEventListener("DOMContentLoaded",function(){for(var e,t,s=l.querySelectorAll("iframe.wp-embedded-content"),r=0;r<s.length;r++)(t=(e=s[r]).getAttribute("data-secret"))||(t=Math.random().toString(36).substring(2,12),e.src+="#?secret="+t,e.setAttribute("data-secret",t)),e.contentWindow.postMessage({message:"ready",secret:t},"*")},!1)))}(window,document);
</script>

Bieszczady od lat przyciągają tych, którzy szukają ucieczki od miejskiego zgiełku. To jeden z najdzikszych i najmniej zurbanizowanych zakątków Polski &#8211; miejsce, gdzie połoniny toną we mgle, wilki przemierzają lasy, a czas płynie wyraźnie wolniej. Jeśli marzysz o wakacjach z dala od tłumów, z widokiem na bezkresne wzgórza i świeżym powietrzem w płucach, wakacje w [&hellip;]
